 41, 317, 1439
What are the prime factors of 244807284?
2, 3, 59, 345773
What are the prime factors of 74884619?
23, 3255853
List the prime factors of 431007518.
2, 383, 562673
What are the prime factors of 1149520825?
5, 163, 282091
What are the prime factors of 42869525?
5, 863, 1987
What are the prime factors of 192004179?
3, 3701, 17293
What are the prime factors of 375089725?
5, 617, 24317
What are the prime factors of 1615134052?
2, 7, 73, 151, 5233
List the prime factors of 51743862.
2, 3, 139, 20681
What are the prime factors of 1467049841?
137, 3019, 3547
List the prime factors of 1834842115.
5, 366968423
What are the prime factors of 232761283?
67, 3474049
What are the prime factors of 57613181?
37, 1557113
What are the prime factors of 1387693854?
2, 3, 2441, 31583
What are the prime factors of 107520783?
3, 409, 87629
List the prime factors of 685263201.
3, 7, 569, 57349
What are the prime factors of 837497566?
2, 59, 919, 7723
What are the prime factors of 67293229?
67293229
What are the prime factors of 120824281?
43, 2809867
What are the prime factors of 7953140583?
3, 17, 23, 29, 77933
List the prime factors of 279393281.
6841, 40841
What are the prime factors of 2205448635?
3, 5, 13, 193, 58601
List the prime factors of 3888193965.
3, 5, 4049, 64019
List the prime factors of 4844425759.
1747, 2772997
What are the prime factors of 238996192?
2, 29, 257539
List the prime factors of 688184193.
3, 853, 268927
What are the prime factors of 87010575?
3, 5, 1160141
List the prime factors of 1556857107.
3, 13, 31, 429241
What are the prime factors of 127980722?
2, 3527, 18143
List the prime factors of 199479076.
2, 49869769
What are the prime factors of 192989937?
3, 7, 9189997
What are the prime factors of 569928132?
2, 3, 23, 83, 8293
List the prime factors of 37614419.
487, 77237
What are the prime factors of 3538504869?
3, 26317, 44819
List the prime factors of 4498854728.
2, 562356841
What are the prime factors of 200806569?
3, 3541, 6301
List the prime factors of 133791575.
5, 23, 232681
List the prime factors of 56302104.
2, 3, 2345921
What are the prime factors of 40358846?
2, 11, 313, 5861
List the prime factors of 10723813.
43, 113, 2207
List the prime factors of 1674738642.
2, 3, 83, 3362929
What are the prime factors of 9773935?
5, 113, 17299
List the prime factors of 27503930.
2, 5, 47, 139, 421
List the prime factors of 1090925780.
2, 5, 7, 7792327
List the prime factors of 2876065615.
5, 1777, 323699
List the prime factors of 167424015.
3, 5, 11, 23, 157, 281
List the prime factors of 6125709.
3, 613, 3331
What are the prime factors of 101193324?
2, 3, 53, 107, 1487
What are the prime factors of 185467326?
2, 3, 11, 59, 47629
List the prime factors of 642154158.
2, 3, 17, 23, 3967
List the prime factors of 10514931.
3, 7, 587, 853
What are the prime factors of 2945780186?
2, 1472890093
List the prime factors of 50201816.
2, 7, 17, 52733
List the prime factors of 525285610.
2, 5, 52528561
What are the prime factors of 360313069?
67, 5377807
What are the prime factors of 53841238?
2, 11, 2447329
List the prime factors of 862034244.
2, 3, 43, 953, 1753
List the prime factors of 957513780.
2, 3, 5, 17, 211, 1483
What are the prime factors of 12242000?
2, 5, 6121
List the prime factors of 1699239870.
2, 3, 5, 823, 2549
List the prime factors of 6731970959.
7, 19, 2664017
List the prime factors of 1283902066.
2, 271, 677, 3499
What are the prime factors of 170352543?
3, 56784181
What are the prime factors of 177193492?
2, 7, 113, 56003
What are the prime factors of 95271084?
2, 3, 569, 4651
What are the prime factors of 87273312?
2, 3, 7, 18553
What are the prime factors of 2273528999?
7, 19, 193, 12653
List the prime factors of 457137897.
3, 127, 179, 6703
What are the prime factors of 228834314?
2, 17, 23, 292627
List the prime factors of 2818807212.
2, 3, 13, 18069277
What are the prime factors of 221812647?
3, 7, 10562507
List the prime factors of 258743818.
2, 129371909
List the prime factors of 345572525.
5, 13822901
What are the prime factors of 41112346?
2, 11, 269, 6947
What are the prime factors of 52519312?
2, 3282457
List the prime factors of 315385041.
3, 31, 3391237
What are the prime factors of 100279544?
2, 31, 107, 3779
What are the prime factors of 69495058?
2, 34747529
List the prime factors of 222868549.
89, 2504141
What are the prime factors of 39002376?
2, 3, 7, 43, 5399
What are the prime factors of 1821226073?
1821226073
What are the prime factors of 18912050?
2, 5, 378241
What are the prime factors of 1014993877?
16073, 63149
List the prime factors of 381113608.
2, 401, 118801
List the prime factors of 1475374034.
2, 211, 3496147
What are the prime factors of 34709940?
2, 3, 5, 192833
What are the prime factors of 227131117?
43, 5282119
List the prime factors of 8818037002.
2, 33967, 129803
What are the prime factors of 207867870?
2, 3, 5, 7, 61, 601
What are the prime factors of 397116350?
2, 5, 73, 108799
List the prime factors of 148244386.
2, 17, 233, 18713
What are the prime factors of 32847330?
2, 3, 5, 1094911
What are the prime factors of 1038091365?
3, 5, 23068697
List the prime factors of 24300628.
2, 11, 479, 1153
What are the prime factors of 4393534743?
3, 13, 962861
What are the prime factors of 142841036?
2, 13, 97, 28319
What are the prime factors of 1659037573?
19, 87317767
What are the prime factors of 1346488066?
2, 7, 11, 73, 119773
What are the prime factors of 181461604?
2, 17, 2668553
What are the prime factors of 11673437?
47, 248371
List the prime factors of 32021980.
2, 5, 23, 67, 1039
What are the prime factors of 397152068?
2, 47, 2112511
List the prime factors of 68667123.
3, 7, 3269863
List the prime factors of 633251989.
17, 4519, 8243
What are the prime factors of 1168450711?
1168450711
List the prime factors of 119140928.
2, 827, 2251
What are the prime factors of 1196660432?
2, 11, 19, 449, 797
What are the prime factors of 631769305?
5, 31, 4075931
What are the prime factors of 235002098?
2, 67, 1753747
List the prime factors of 1046454453.
3, 11, 10570247
List the prime factors of 347713489.
181, 1921069
What are the prime factors of 501130167?
3, 41, 139, 29311
What are the prime factors of 29370625?
5, 46993
List the prime factors of 897911414.
2, 359, 683, 1831
What are the prime factors of 2184929072?
2, 43, 3175769
List the prime factors of 614125140.
2, 3, 5, 43, 103, 2311
What are the prime factors of 40104353?
40104353
List the prime factors of 1492676702.
2, 11, 67848941
List the prime factors of 207746993.
207746993
What are the prime factors of 348858439?
1031, 338369
List the prime factors of 18480885.
3, 5, 761, 1619
List the prime factors of 2228159114.
2, 53, 21020369
What are the prime factors of 2460133?
13, 14557
List the prime factors of 378358819.
378358819
What are the prime factors of 6497964?
2, 3, 11, 61, 269
List the prime factors of 2719339.
7, 388477
List the prime factors of 2183753532.
2, 3, 71, 919, 2789
List the prime factors of 146389813.
19, 61, 126307
List the prime factors of 398104811.
13, 30623447
What are the prime factors of 119485525?
5, 79, 101, 599
List the prime factors of 2714018362.
2, 11, 123364471
What are the prime factors of 2557051809?
3, 13, 3623, 18097
What are the prime factors of 1218477954?
2, 3, 203079659
List the prime factors of 105313849.
23, 199081
List the prime factors of 224398014.
2, 3, 89, 420221
What are the prime factors of 175341120?
2, 3, 5, 19, 9613
What are the prime factors of 2304186850?
2, 5, 7, 6583391
What are the prime factors of 194995845?
3, 5, 11, 393931
What are the prime factors of 149747903?
5881, 25463
What are the prime factors of 35618845?
5, 31, 229799
List the prime factors of 41161719.
3, 113, 121421
What are the prime factors of 47617635?
3, 5, 13, 113, 2161
List the prime factors of 168872479.
168872479
What are the prime factors of 40563871?
2333, 17387
What are the prime factors of 286600112?
2, 1879, 9533
List the prime factors of 3036620377.
7, 37, 2129, 5507
List the prime factors of 2008214.
2, 13, 77239
What are the prime factors of 13772425?
5, 593, 929
What are the prime factors of 1292000245?
5, 1283, 201403
What are the prime factors of 555991?
613, 907
List th